tors of 4715?
5, 23, 41
What are the prime factors of 21161?
7, 3023
List the prime factors of 839.
839
What are the prime factors of 769?
769
What are the prime factors of 3122?
2, 7, 223
List the prime factors of 1774.
2, 887
List the prime factors of 2906.
2, 1453
What are the prime factors of 2714?
2, 23, 59
List the prime factors of 121.
11
What are the prime factors of 12636?
2, 3, 13
List the prime factors of 121.
11
What are the prime factors of 22714?
2, 41, 277
List the prime factors of 839.
839
What are the prime factors of 4208?
2, 263
List the prime factors of 8539.
8539
List the prime factors of 4464.
2, 3, 31
List the prime factors of 14166.
2, 3, 787
What are the prime factors of 10809?
3, 1201
What are the prime factors of 109096?
2, 13, 1049
What are the prime factors of 69215?
5, 109, 127
What are the prime factors of 296?
2, 37
List the prime factors of 667.
23, 29
List the prime factors of 736.
2, 23
What are the prime factors of 676?
2, 13
List the prime factors of 1842.
2, 3, 307
What are the prime factors of 21746?
2, 83, 131
What are the prime factors of 7701?
3, 17, 151
What are the prime factors of 1801?
1801
What are the prime factors of 148329?
3, 16481
What are the prime factors of 3157?
7, 11, 41
List the prime factors of 3963.
3, 1321
List the prime factors of 21315.
3, 5, 7, 29
What are the prime factors of 8135?
5, 1627
What are the prime factors of 5487?
3, 31, 59
List the prime factors of 1139.
17, 67
List the prime factors of 96946.
2, 48473
What are the prime factors of 1158?
2, 3, 193
List the prime factors of 2937.
3, 11, 89
List the prime factors of 870.
2, 3, 5, 29
List the prime factors of 25813.
83, 311
List the prime factors of 6863.
6863
List the prime factors of 2982.
2, 3, 7, 71
List the prime factors of 200.
2, 5
What are the prime factors of 3066?
2, 3, 7, 73
What are the prime factors of 1444?
2, 19
List the prime factors of 135134.
2, 67567
What are the prime factors of 11285?
5, 37, 61
What are the prime factors of 970?
2, 5, 97
List the prime factors of 1527.
3, 509
List the prime factors of 14715.
3, 5, 109
List the prime factors of 232.
2, 29
What are the prime factors of 594?
2, 3, 11
List the prime factors of 1865.
5, 373
What are the prime factors of 37185?
3, 5, 37, 67
List the prime factors of 7041.
3, 2347
List the prime factors of 18213.
3, 13, 467
List the prime factors of 4831.
4831
What are the prime factors of 6964?
2, 1741
What are the prime factors of 52692?
2, 3, 4391
What are the prime factors of 5386?
2, 2693
List the prime factors of 182751.
3, 60917
List the prime factors of 805.
5, 7, 23
What are the prime factors of 4525?
5, 181
What are the prime factors of 8688?
2, 3, 181
What are the prime factors of 558?
2, 3, 31
What are the prime factors of 5303?
5303
What are the prime factors of 38?
2, 19
What are the prime factors of 956?
2, 239
List the prime factors of 172.
2, 43
List the prime factors of 48127.
17, 19, 149
List the prime factors of 39159.
3, 19, 229
What are the prime factors of 33378?
2, 3, 5563
What are the prime factors of 2623?
43, 61
List the prime factors of 92967.
3, 7, 19, 233
What are the prime factors of 1767?
3, 19, 31
List the prime factors of 1169.
7, 167
List the prime factors of 2725.
5, 109
What are the prime factors of 2239?
2239
List the prime factors of 4299.
3, 1433
List the prime factors of 2390.
2, 5, 239
What are the prime factors of 1166?
2, 11, 53
List the prime factors of 12730.
2, 5, 19, 67
What are the prime factors of 569?
569
What are the prime factors of 891?
3, 11
List the prime factors of 1241.
17, 73
List the prime factors of 256.
2
List the prime factors of 21077.
7, 3011
List the prime factors of 102917.
97, 1061
List the prime factors of 12200.
2, 5, 61
List the prime factors of 12489.
3, 23, 181
List the prime factors of 11013.
3, 3671
What are the prime factors of 15118?
2, 7559
List the prime factors of 32582.
2, 11, 1481
What are the prime factors of 2099?
2099
What are the prime factors of 430?
2, 5, 43
What are the prime factors of 83092?
2, 20773
List the prime factors of 43296.
2, 3, 11, 41
What are the prime factors of 37910?
2, 5, 17, 223
List the prime factors of 8021.
13, 617
List the prime factors of 3996.
2, 3, 37
List the prime factors of 1068.
2, 3, 89
What are the prime factors of 15047?
41, 367
What are the prime factors of 36433?
36433
List the prime factors of 2680.
2, 5, 67
List the prime factors of 2237.
2237
List the prime factors of 10870.
2, 5, 1087
What are the prime factors of 11730?
2, 3, 5, 17, 23
What are the prime factors of 5635?
5, 7, 23
What are the prime factors of 5601?
3, 1867
What are the prime factors of 2997?
3, 37
What are the prime factors of 950?
2, 5, 19
List the prime factors of 1456.
2, 7, 13
What are the prime factors of 46785?
3, 5, 3119
What are the prime factors of 130340?
2, 5, 7, 19
List the prime factors of 2179.
2179
What are the prime factors of 175719?
3, 58573
List the prime factors of 10322.
2, 13, 397
List the prime factors of 12160.
2, 5, 19
What are the prime factors of 2700?
2, 3, 5
What are the prime factors of 48600?
2, 3, 5
What are the prime factors of 843?
3, 281
List the prime factors of 310.
2, 5, 31
List the prime factors of 237.
3, 79
List the prime factors of 32554.
2, 41, 397
List the prime factors of 35915.
5, 11, 653
List the prime factors of 860.
2, 5, 43
What are the prime factors of 44660?
2, 5, 7, 11, 29
List the prime factors of 830.
2, 5, 83
What are the prime factors of 37821?
3, 7, 1801
What are the prime factors of 20473?
59, 347
What are the prime factors of 4631?
11, 421
What are the prime factors of 2320?
2, 5, 29
What are the prime factors of 15806?
2, 7, 1129
What are the prime factors of 2251?
2251
What are the prime factors of 1426?
2, 23, 31
What are the prime factors of 23388?
2, 3, 1949
What are the prime factors of 33130?
2, 5, 3313
List the prime factors of 79900.
2, 5, 17, 47
What are the prime factors of 78261?
3, 19, 1373
What are the prime factors of 8803?
8803
List the prime factors of 116355.
3, 5, 7757
What are the prime factors of 13623?
3, 19, 239
List the prime factors of 3037.
3037
What are the prime factors of 32362?
2, 11, 1471
List the prime factors of 117058.
2, 107, 547
List the prime factors of 11.
11
What are the prime factors of 88197?
3, 29399
List the prime factors of 164.
2, 41
What are the prime factors of 3285?
3, 5, 73
List the prime factors of 1342.
2, 11, 61
What are the prime factors of 9721?
9721
List the prime factors of 13984.
2, 19, 23
List the prime factors of 396.
2, 3, 11
List the prime factors of 1327.
1327
List the prime factors of 810.
2, 3, 5
List the prime factors of 19695.
3, 5, 13, 101
What are the prime factors of 15183?
3, 7, 241
What are the prime factors of 457?
457
What are the prime factors of 38511?
3, 11, 389
What are the prime factors of 4225?
5, 13
List the prime factors of 1682.
2, 29
What are the prime factors of 17624?
2, 2203
What are the prime factors of 1947?
3, 11, 59
List the prime factors of 6661.
6661
What are the prime factors of 10264?
2, 1283
List the prime factors of 11291.
7, 1613
List the prime factors of 19776.
2, 3, 103
List the prime factors of 78621.
3, 73, 359
List the prime factors of 64.
2
List the prime factors of 10488.
2, 3, 19, 23
List the prime factors of 14567.
7, 2081
What are the prime factors of 8714?
2, 4357
What are the prime factors of 7501?
13, 577
List the prime factors of 98721.
3, 7, 1567
What are the prime factors of 35317?
35317
List the prime factors of 4766.
2, 2383
List the prime factors of 945.
3, 5, 7
What are the prime factors of 5431?
5431
What are the prime factors of 509?
509
List the prime factors of 1565.
5, 313
List the prime factors of 11176.
2, 11, 127
What are the prime factors of 58843?
19, 163
List the prime factors of 1499.
1499
What are the prime factors of 815?
5, 163
What are the prime factors of 2612?
2, 653
What are the prime factors of 1923?
3, 641
What are the prime factors of 1378?
2, 13, 53
What are the prime factors of 14815?
5, 2963
What are the prime factors of 1355?
5, 271
List the prime factors of 3700.
2, 5, 37
List the prime factors of 1443.
3, 13, 37
List the prime factors of 2267.
2267
What are 